hat are the prime factors of (-63)/v*(-2)/(-2)?
3
Suppose 0 = -5*a - 15 + 145. List the prime factors of a.
2, 13
Suppose 4*t = -4 - 8. Let q(d) = -d**3 - 2*d**2 + d - 2. List the prime factors of q(t).
2
List the prime factors of 2 + 44*(-6)/(-4).
2, 17
Suppose 3*f + 2*m = 0, -5*f + 4*m - 2*m - 16 = 0. Suppose 1 = -0*z + z. What are the prime factors of (44/(-4))/(z + f)?
11
Suppose 0 = 4*l, 46 + 64 = 2*y - l. List the prime factors of y.
5, 11
Let s(x) = 5*x**2 - 7*x + 25. List the prime factors of s(6).
163
Let v be ((-25)/15)/(1/9). Let b be 309/15 - 6/v. Suppose -2*s = 3*d + 3*s - b, d = -2*s + 8. What are the prime factors of d?
2
Let c(q) = -q**3 - 3*q**2 - 2*q + 3. Suppose -11*v - 15 = -6*v. What are the prime factors of c(v)?
3
Suppose 11*i + 130 = 1692. List the prime factors of i.
2, 71
Let b be 8/12*9/2. Suppose -5*z + 2*z + b = 0. Suppose 0 = -2*m + 9 + z. List the prime factors of m.
5
Let g(q) = -4 + 2 + 2 + q + 5. List the prime factors of g(6).
11
Let h = 76 - 41. List the prime factors of h.
5, 7
Let k(p) = p**3 - 4*p**2 + 4*p - 2. Let g be k(2). Let q = 6 + g. List the prime factors of (q - 1)*16/6.
2
Suppose 3*p + 0*p + 152 = -5*x, 5*p + 280 = -3*x. Let l = 104 + p. Suppose 12 = 3*m - 2*c, 5*m + 0*c - l = -5*c. What are the prime factors of m?
2, 3
Let x(q) = 108*q**3 - q**2 + 1. Let p be x(1). Suppose 0*l = 4*l + p. What are the prime factors of l/(-2) + 2/4?
2, 7
Let h be (4/6)/((-2)/(-9)). Let r = -5 + h. What are the prime factors of 1*-7*(r - -1)?
7
Let d = 8 - 3. List the prime factors of d.
5
Let c(r) = 40*r**3 - 2*r**2 + r. What are the prime factors of c(1)?
3, 13
What are the prime factors of 15 + 3 + (-1)/(-1)?
19
Let c(q) = q + 6. Let s(f) = f + 1. Let v(h) = c(h) - 5*s(h). List the prime factors of v(-1).
5
Let i = 8 - 4. Let w = 9 - i. What are the prime factors of w?
5
Let p = 24 + -9. Suppose 2*o - o = p. List the prime factors of o.
3, 5
Let j be (-2)/(-8) + 19/4. Let k = 80 + j. Suppose -3*p - 2*p = -k. List the prime factors of p.
17
Let j(u) = 2*u**2 - 8*u + 4. What are the prime factors of j(6)?
2, 7
Let n = -3 - 3. Let t be (n/5)/((-2)/5). Suppose 5*p - t*p = 6. What are the prime factors of p?
3
Let f = -13 - -16. Suppose -19 = -f*j + 65. List the prime factors of j.
2, 7
Let r = 24 - 22. List the prime factors of r.
2
Let o = 91 - 7. Suppose -z + o = z. What are the prime factors of z?
2, 3, 7
Let a(i) be the third derivative of 5*i**4/24 + i**3/6 - i**2. Suppose 4*v + 0 - 4 = 0. List the prime factors of a(v).
2, 3
Let r(v) = -v**2 + 5*v + 1. Suppose -4*k = -2*k + 12. Let h be k/(-9) + (-20)/(-6). List the prime factors of r(h).
5
Let g be 2/(-8) - (-330)/(-24). Let x = 32 - g. List the prime factors of x.
2, 23
Let n be (-7)/(21/6) + 28. Suppose -6*z + 4*z + n = 0. What are the prime factors of z?
13
Let b(m) = -10*m**3 + 1. Let d be 2*(3/2)/(-3). What are the prime factors of b(d)?
11
Suppose 29 + 9 = 3*v - 4*r, -5*v + 110 = 5*r. Let w = 14 + -4. Let j = v - w. List the prime factors of j.
2
Let w be (-1)/(22/23 + -1). Let g = w - 16. List the prime factors of g.
7
Suppose -16 = -2*r - 8. What are the prime factors of r?
2
Suppose 3*h - 15 = 12. What are the prime factors of 10*(-1 + h/3)?
2, 5
Let t(l) = -l**2 + 4*l + 12. Let w be t(6). Suppose 4*z - 2*c - 10 + w = 0, -3*z + 11 = -5*c. List the prime factors of z.
2
Suppose 3*o + 2*g + 7 = 3, 0 = -3*g - 15. Suppose 18 = -0*m + o*m. List the prime factors of m.
3
Suppose 140 = -m + 3*m. Suppose 3*q - 96 = -3*w, -3*w - q = -2*q - 88. Suppose 4*t = m - w. What are the prime factors of t?
2, 5
Let d = 46 - 36. What are the prime factors of d?
2, 5
Let g(l) be the second derivative of -l**5/20 + l**4/2 - l**3 + 7*l**2/2 + 2*l. List the prime factors of g(5).
2
Suppose 3*g + 0*g - 6 = 0. What are the prime factors of g?
2
Suppose -2*p - p + 3 = 0. Suppose -2*j = -p - 5. What are the prime factors of 27/(-6)*(-2)/j?
3
Let k(w) = -7*w**3 - 2*w**2 - 9*w + 16. Let c(x) = -15*x**3 - 3*x**2 - 19*x + 33. Let j(o) = -6*c(o) + 13*k(o). List the prime factors of j(-8).
2, 17
Let v be 6/(-4) - 9/2. Suppose -3*a + 23 = -2*g, -4*a - g - 5 = -54. What are the prime factors of v/(-33) - (-141)/a?
13
Let d(m) = -10 - 53*m + 54*m + 3. Let q be d(7). Suppose 0 = 5*g - 15, 3*s + 0*s + 4*g - 27 = q. What are the prime factors of s?
5
Suppose 4*s - 2*s - 62 = 0. Suppose 0 = -3*v + 5 + 7. Suppose 0 = 2*c + 2*c - v*f - 36, -s = -5*c - 2*f. What are the prime factors of c?
7
Let z(p) = -46*p + 6. List the prime factors of z(-7).
2, 41
List the prime factors of (-3 - 24/(-7)) + (-74)/(-7).
11
Suppose 2*r - 29 = -5. What are the prime factors of r?
2, 3
List the prime factors of (276/9)/((-16)/(-24)).
2, 23
Let b be (4/(-8)*-6)/1. List the prime factors of 2*b/3*8.
2
Suppose -3*g + 0*g - 3 = 0. List the prime factors of (4 + g)*8/3.
2
Suppose -19 = -3*u - 1. Suppose 5*t - 3*t - u = 0. Suppose 0 = -d - t*r - 1, 4*r = r - 9. What are the prime factors of d?
2
Let g = -2 - -6. Suppose -g*d - 2*l + 5*l + 24 = 0, 0 = -d - 2*l - 5. Suppose 0 = -3*i + v + 65, -6*i + i = -d*v - 115. List the prime factors of i.
2, 5
Suppose 3*y = 2*h + h + 186, -5*h + 275 = 4*y. What are the prime factors of y?
5, 13
Suppose 0 = -5*x - 0*x + 10. Suppose -f = -0*f - 8. Let b = f - x. List the prime factors of b.
2, 3
Let a(v) = v**3 - 3*v**2 + 2*v - 4. Let i = 7 + -4. List the prime factors of a(i).
2
Suppose 4*j + 110 + 78 = 5*g, 0 = -2*g - 2*j + 68. Suppose -3*u = -3*a - 12, 6*u - u + 3*a - g = 0. What are the prime factors of u?
2, 3
Let v(q) = 7*q**2. Suppose 5*z = 43 + 7. Let b be (-1)/4 + z/8. List the prime factors of v(b).
7
Let j(t) = 4*t**2 + 4*t + 16. What are the prime factors of j(5)?
2, 17
Let r(a) = -5*a**3 - 2*a + 1. Let g be r(1). Let n be ((-34)/3)/(g/9). Let f = n + -11. List the prime factors of f.
2, 3
Let c(i) = -i - 5. Let v be c(-5). Let w be v + 0 - (3 - 6). List the prime factors of (w/(-6))/(1/(-4)).
2
Let x be (-3)/15 - (-672)/10. Suppose 2*f = -5*n + x, 64 = 4*n - 0*n - f. What are the prime factors of n?
3, 5
Let b(u) = -u - 1. Let a be b(-3). Suppose 7*j = a*j - 4*v + 35, -j + 26 = -3*v. List the prime factors of j.
11
Let x(i) = -4*i - 2. Let m be x(-3). Let j = -8 + m. What are the prime factors of j?
2
Let s be ((-1)/(-3))/(1/15). Suppose 0 = -s*r + 2*r + 9. List the prime factors of r.
3
Let o(c) = c**3 + 4*c**2 + 2*c + 3. Let k be o(-4). Let b(w) = w. Let x(i) = 7*i + 2. Let a(l) = 6*b(l) - x(l). What are the prime factors of a(k)?
3
Suppose 0 = 5*x + 2*d - 1064, -9 = 3*d - 0*d. What are the prime factors of x?
2, 107
List the prime factors of 3*1/((-3)/(-65)).
5, 13
Suppose 4*m = 4*j - 48, 2*m - 7 = -j - 2*m. Suppose -2*g + 6*g - 12 = 0. Suppose -g + j = i. What are the prime factors of i?
2
Suppose 3*r = r - 10. Let k = r + 8. What are the prime factors of k?
3
Suppose 6*w - 480 = -2*w. What are the prime factors of w?
2, 3, 5
Let x(s) = s**2 + 2*s + 2. Let y be x(-3). Suppose -5*v - 5*o = -0*o - 35, 0 = 3*v - o - y. Suppose -v*n = -n - 4. What are the prime factors of n?
2
Suppose -9 + 57 = 4*p. What are the prime factors of p?
2, 3
Let i be (-2)/(-2) - 2 - -3. Let d be (0 - 1)/(-1) + i. Suppose 0 = -d*n + 8*n - 60. What are the prime factors of n?
2, 3
Let o = -3 - -3. Suppose 4*m - 46 + 6 = o. Suppose 4*y + 2*v - 26 = m, 0 = -4*y + 2*v + 52. What are the prime factors of y?
11
Let a(j) = -j**3 - 8*j**2 - 9*j - 9. Let i be a(-7). Suppose 5*n + 2*t - i = -3*t, -t - 11 = -5*n. What are the prime factors of n?
2
Suppose 2*k - 5*k + 69 = 0. What are the prime factors of k?
23
Let d = -7 - 4. Let r be 356/(-18) + (-2)/9. Let k = d - r. List the prime factors of k.
3
Suppose 60 = 5*n - 2*i, -4*n + 2*i = -3*i - 31. Let c = n + 1. List the prime factors of c.
3, 5
Let b(l) = 53*l**2 - 3*l - 4. List the prime factors of b(-2).
2, 107
Let h(o) = o**3 + 5*o**2 - 6*o + 2. Let u(t) = -2*t**2 - t + 3. Let k be u(-3). Let w be (k/14)/((-2)/(-14)). List the prime factors of h(w).
2
Let c(h) = h**2 + 11*h + 6. Let s be c(-11). Suppose 0*x - s = -3*x. What are the prime factors of x?
2
Let n(k) = 2*k**3 + k**2 - 5*k - 2. What are the prime factors of n(3)?
2, 23
Suppose -2*q + 43 = q + 5*l, 2*q - 4*l = 36. Suppose x + q = 3*x. List the prime factors of x.
2
Let a(q) be the fir